{"id":610,"date":"2014-03-10T15:29:06","date_gmt":"2014-03-10T15:29:06","guid":{"rendered":"http:\/\/www.galianoart.com\/?page_id=610"},"modified":"2015-12-14T09:16:57","modified_gmt":"2015-12-14T09:16:57","slug":"dibujos-2","status":"publish","type":"page","link":"https:\/\/www.galianoart.com\/?page_id=610","title":{"rendered":"Dibujos"},"content":{"rendered":"<p style=\"text-align: center;\"><b>Si en la actualidad el \u00f3leo absorbe la mayor parte de su creaci\u00f3n art\u00edstica, fueron las caricaturas y los dibujos los que fraguaron su proyecci\u00f3n creativa.<\/b><b>\u00a0<\/b><\/p>\n<p style=\"text-align: center;\"><b>En los a\u00f1os 80 comienza sus primeras colaboraciones en distintas publicaciones; As, Auto 1 o la revista sat\u00edrica Sal y Pimienta, en su segunda \u00e9poca, encarg\u00e1ndose de la portada en su relanzamiento. Tambi\u00e9n en ese periodo realiz\u00f3 carteles y p\u00f3sters para distintas empresas y fundaciones, as\u00ed como iconos para camisetas, insignias, adhesivos, etc.\u00a0<\/b><b>\u00a0<\/b><\/p>\n<p style=\"text-align: center;\"><b>Durante su estancia en Zaragoza publica sus ilustraciones en los principales peri\u00f3dicos de Arag\u00f3n; Heraldo y El Peri\u00f3dico. Compagin\u00f3 en esa \u00e9poca sus trabajos con la creaci\u00f3n de logotipos para diferentes entidades.\u00a0<\/b><b>\u00a0<\/b><\/p>\n<p style=\"text-align: center;\"><b>En la actualidad, \u00a0realiza sus dibujos para las publicaciones Luna y Sol y Nueva Alcarria.<\/b><\/p>\n<p style=\"text-align: center;\"><a href=\"http:\/\/www.galianoart.com\/wp-content\/uploads\/2014\/03\/Joaquin-Sorolla-lapiz.jpg\"><img loading=\"lazy\" decoding=\"async\" class=\"aligncenter wp-image-621 size-thumbnail\" src=\"http:\/\/www.galianoart.com\/wp-content\/uploads\/2014\/03\/Joaquin-Sorolla-lapiz-150x150.jpg\" alt=\"Joaquin Sorolla lapiz\" width=\"150\" height=\"150\" \/><\/a><\/p>\n<p style=\"text-align: center;\"><a href=\"http:\/\/www.galianoart.com\/wp-content\/uploads\/2014\/03\/humphrey.jpg\"><img loading=\"lazy\" decoding=\"async\" class=\"aligncenter wp-image-619 size-thumbnail\" src=\"http:\/\/www.galianoart.com\/wp-content\/uploads\/2014\/03\/humphrey-150x150.jpg\" alt=\"humphrey\" width=\"150\" height=\"150\" \/><\/a><\/p>\n<p style=\"text-align: center;\"><a href=\"http:\/\/www.galianoart.com\/wp-content\/uploads\/2014\/03\/LORENZO-DIAZ-EA2.jpg\"><img loading=\"lazy\" decoding=\"async\" class=\"alignnone wp-image-1139 size-thumbnail\" src=\"http:\/\/www.galianoart.com\/wp-content\/uploads\/2014\/03\/LORENZO-DIAZ-EA2-150x150.jpg\" alt=\"LORENZO DIAZ EA2\" width=\"150\" height=\"150\" \/><\/a><\/p>\n<p style=\"text-align: center;\"><a href=\"http:\/\/www.galianoart.com\/wp-content\/uploads\/2014\/03\/CHANIPH.jpg\"><img loading=\"lazy\" decoding=\"async\" class=\"alignnone wp-image-1138 size-thumbnail\" src=\"http:\/\/www.galianoart.com\/wp-content\/uploads\/2014\/03\/CHANIPH-150x150.jpg\" alt=\"CHANIPH\" width=\"150\" height=\"150\" \/><\/a><\/p>\n<p style=\"text-align: center;\"><a href=\"http:\/\/www.galianoart.com\/wp-content\/uploads\/2014\/03\/AFGgrafito.jpg\"><img loading=\"lazy\" decoding=\"async\" class=\"alignnone wp-image-1137 size-thumbnail\" src=\"http:\/\/www.galianoart.com\/wp-content\/uploads\/2014\/03\/AFGgrafito-150x150.jpg\" alt=\"AFGgrafito\" width=\"150\" height=\"150\" \/><\/a><\/p>\n<p style=\"text-align: center;\"><a href=\"http:\/\/www.galianoart.com\/wp-content\/uploads\/2014\/03\/boceto-silvia.jpg\"><img loading=\"lazy\" decoding=\"async\" class=\"alignnone wp-image-1136 size-thumbnail\" src=\"http:\/\/www.galianoart.com\/wp-content\/uploads\/2014\/03\/boceto-silvia-150x150.jpg\" alt=\"boceto silvia\" width=\"150\" height=\"150\" \/><\/a><\/p>\n<p style=\"text-align: center;\"><a href=\"http:\/\/www.galianoart.com\/wp-content\/uploads\/2014\/03\/ANSLAPIZ.jpg\"><img loading=\"lazy\" decoding=\"async\" class=\"alignnone wp-image-1135 size-thumbnail\" src=\"http:\/\/www.galianoart.com\/wp-content\/uploads\/2014\/03\/ANSLAPIZ-150x150.jpg\" alt=\"ANSLAPIZ\" width=\"150\" height=\"150\" \/><\/a><\/p>\n<p style=\"text-align: center;\"><a href=\"http:\/\/www.galianoart.com\/wp-content\/uploads\/2014\/03\/PICASSOcolor-copia.jpg\"><img loading=\"lazy\" decoding=\"async\" class=\"alignnone size-thumbnail wp-image-1210\" src=\"http:\/\/www.galianoart.com\/wp-content\/uploads\/2014\/03\/PICASSOcolor-copia-150x150.jpg\" alt=\"PICASSOcolor copia\" width=\"150\" height=\"150\" \/><\/a><\/p>\n<p style=\"text-align: center;\"><a href=\"http:\/\/www.galianoart.com\/wp-content\/uploads\/2014\/03\/Maestro-Emilio-Moreno-Garc\u00eda.jpg\"><img loading=\"lazy\" decoding=\"async\" class=\"alignnone size-thumbnail wp-image-1211\" src=\"http:\/\/www.galianoart.com\/wp-content\/uploads\/2014\/03\/Maestro-Emilio-Moreno-Garc\u00eda-150x150.jpg\" alt=\"Maestro Emilio Moreno Garc\u00eda\" width=\"150\" height=\"150\" \/><\/a><\/p>\n<p style=\"text-align: center;\"><a href=\"http:\/\/www.galianoart.com\/wp-content\/uploads\/2014\/03\/LunaySol3.jpg\"><img loading=\"lazy\" decoding=\"async\" class=\"aligncenter wp-image-625 size-thumbnail\" src=\"http:\/\/www.galianoart.com\/wp-content\/uploads\/2014\/03\/LunaySol3-150x150.jpg\" alt=\"LunaySol3\" width=\"150\" height=\"150\" \/><\/a><\/p>\n<p style=\"text-align: center;\"><a href=\"http:\/\/www.galianoart.com\/wp-content\/uploads\/2014\/03\/MarylinW.jpg\"><img loading=\"lazy\" decoding=\"async\" class=\"aligncenter wp-image-627 size-thumbnail\" src=\"http:\/\/www.galianoart.com\/wp-content\/uploads\/2014\/03\/MarylinW-150x150.jpg\" alt=\"MarylinW\" width=\"150\" height=\"150\" \/><\/a><\/p>\n<p style=\"text-align: center;\"><a href=\"http:\/\/www.galianoart.com\/wp-content\/uploads\/2014\/03\/reagan.jpg\"><img loading=\"lazy\" decoding=\"async\" class=\"aligncenter wp-image-628 size-thumbnail\" src=\"http:\/\/www.galianoart.com\/wp-content\/uploads\/2014\/03\/reagan-150x150.jpg\" alt=\"reagan\" width=\"150\" height=\"150\" \/><\/a><\/p>\n<p style=\"text-align: center;\"><a href=\"http:\/\/www.galianoart.com\/wp-content\/uploads\/2014\/03\/santacruz.jpg\"><img loading=\"lazy\" decoding=\"async\" class=\"aligncenter wp-image-629 size-thumbnail\" src=\"http:\/\/www.galianoart.com\/wp-content\/uploads\/2014\/03\/santacruz-150x150.jpg\" alt=\"santacruz\" width=\"150\" height=\"150\" \/><\/a><\/p>\n<p style=\"text-align: center;\"><a href=\"http:\/\/www.galianoart.com\/wp-content\/uploads\/2014\/03\/poster.jpg\"><img loading=\"lazy\" decoding=\"async\" class=\"alignnone wp-image-557 size-medium\" src=\"http:\/\/www.galianoart.com\/wp-content\/uploads\/2014\/03\/poster-300x231.jpg\" alt=\"poster\" width=\"300\" height=\"231\" srcset=\"https:\/\/www.galianoart.com\/wp-content\/uploads\/2014\/03\/poster-300x231.jpg 300w, https:\/\/www.galianoart.com\/wp-content\/uploads\/2014\/03\/poster-194x150.jpg 194w, https:\/\/www.galianoart.com\/wp-content\/uploads\/2014\/03\/poster-150x115.jpg 150w, https:\/\/www.galianoart.com\/wp-content\/uploads\/2014\/03\/poster.jpg 600w\" sizes=\"auto, (max-width: 300px) 100vw, 300px\" \/><\/a><\/p>\n<p style=\"text-align: center;\"><a href=\"http:\/\/www.galianoart.com\/wp-content\/uploads\/2014\/03\/Bloque4.jpg\"><img loading=\"lazy\" decoding=\"async\" class=\"alignnone wp-image-1140 size-medium\" src=\"http:\/\/www.galianoart.com\/wp-content\/uploads\/2014\/03\/Bloque4-300x210.jpg\" alt=\"Bloque4\" width=\"300\" height=\"210\" srcset=\"https:\/\/www.galianoart.com\/wp-content\/uploads\/2014\/03\/Bloque4-300x210.jpg 300w, https:\/\/www.galianoart.com\/wp-content\/uploads\/2014\/03\/Bloque4-1024x718.jpg 1024w, https:\/\/www.galianoart.com\/wp-content\/uploads\/2014\/03\/Bloque4-213x150.jpg 213w, https:\/\/www.galianoart.com\/wp-content\/uploads\/2014\/03\/Bloque4-150x105.jpg 150w, https:\/\/www.galianoart.com\/wp-content\/uploads\/2014\/03\/Bloque4.jpg 1979w\" sizes=\"auto, (max-width: 300px) 100vw, 300px\" \/><\/a><\/p>\n<p style=\"text-align: center;\"><a href=\"http:\/\/www.galianoart.com\/wp-content\/uploads\/2014\/03\/Bloque7.jpg\"><img loading=\"lazy\" decoding=\"async\" class=\"alignnone wp-image-1141 size-medium\" src=\"http:\/\/www.galianoart.com\/wp-content\/uploads\/2014\/03\/Bloque7-300x187.jpg\" alt=\"Bloque7\" width=\"300\" height=\"187\" srcset=\"https:\/\/www.galianoart.com\/wp-content\/uploads\/2014\/03\/Bloque7-300x187.jpg 300w, https:\/\/www.galianoart.com\/wp-content\/uploads\/2014\/03\/Bloque7-239x150.jpg 239w, https:\/\/www.galianoart.com\/wp-content\/uploads\/2014\/03\/Bloque7-150x93.jpg 150w, https:\/\/www.galianoart.com\/wp-content\/uploads\/2014\/03\/Bloque7.jpg 768w\" sizes=\"auto, (max-width: 300px) 100vw, 300px\" \/><\/a><\/p>\n<p style=\"text-align: center;\"><a href=\"http:\/\/www.galianoart.com\/wp-content\/uploads\/2014\/03\/presidentes.jpg\"><img loading=\"lazy\" decoding=\"async\" class=\"alignnone wp-image-560 size-thumbnail\" src=\"http:\/\/www.galianoart.com\/wp-content\/uploads\/2014\/03\/presidentes-150x150.jpg\" alt=\"presidentes\" width=\"150\" height=\"150\" \/><\/a><\/p>\n<p style=\"text-align: center;\"><a href=\"http:\/\/www.galianoart.com\/wp-content\/uploads\/2014\/03\/premio.jpg\"><img loading=\"lazy\" decoding=\"async\" class=\"alignnone wp-image-559 size-thumbnail\" src=\"http:\/\/www.galianoart.com\/wp-content\/uploads\/2014\/03\/premio-150x150.jpg\" alt=\"premio\" width=\"150\" height=\"150\" \/><\/a><\/p>\n<p style=\"text-align: center;\"><a href=\"http:\/\/www.galianoart.com\/wp-content\/uploads\/2014\/03\/silver.jpg\"><img loading=\"lazy\" decoding=\"async\" class=\"alignnone wp-image-563 size-thumbnail\" src=\"http:\/\/www.galianoart.com\/wp-content\/uploads\/2014\/03\/silver-150x150.jpg\" alt=\"silver\" width=\"150\" height=\"150\" \/><\/a><\/p>\n<p style=\"text-align: center;\"><a href=\"http:\/\/www.galianoart.com\/wp-content\/uploads\/2014\/03\/maradona.jpg\"><img loading=\"lazy\" decoding=\"async\" class=\"alignnone wp-image-543 size-thumbnail\" src=\"http:\/\/www.galianoart.com\/wp-content\/uploads\/2014\/03\/maradona-150x150.jpg\" alt=\"maradona\" width=\"150\" height=\"150\" \/><\/a><\/p>\n<p style=\"text-align: center;\"><a href=\"http:\/\/www.galianoart.com\/wp-content\/uploads\/2014\/03\/rainiero.jpg\"><img loading=\"lazy\" decoding=\"async\" class=\"alignnone wp-image-561 size-thumbnail\" src=\"http:\/\/www.galianoart.com\/wp-content\/uploads\/2014\/03\/rainiero-150x150.jpg\" alt=\"rainiero\" width=\"150\" height=\"150\" \/><\/a><\/p>\n<p style=\"text-align: center;\"><a href=\"http:\/\/www.galianoart.com\/wp-content\/uploads\/2014\/03\/droga.jpg\"><img loading=\"lazy\" decoding=\"async\" class=\"alignnone wp-image-526 size-thumbnail\" src=\"http:\/\/www.galianoart.com\/wp-content\/uploads\/2014\/03\/droga-150x150.jpg\" alt=\"droga\" width=\"150\" height=\"150\" \/><\/a><\/p>\n<p style=\"text-align: center;\"><a href=\"http:\/\/www.galianoart.com\/wp-content\/uploads\/2014\/03\/bocamoncloa.jpg\"><img loading=\"lazy\" decoding=\"async\" class=\"alignnone wp-image-508 size-thumbnail\" src=\"http:\/\/www.galianoart.com\/wp-content\/uploads\/2014\/03\/bocamoncloa-150x150.jpg\" alt=\"bocamoncloa\" width=\"150\" height=\"150\" \/><\/a><\/p>\n<p style=\"text-align: center;\"><a href=\"http:\/\/www.galianoart.com\/wp-content\/uploads\/2014\/03\/orgaz.jpg\"><img loading=\"lazy\" decoding=\"async\" class=\"alignnone wp-image-551 size-thumbnail\" src=\"http:\/\/www.galianoart.com\/wp-content\/uploads\/2014\/03\/orgaz-150x150.jpg\" alt=\"orgaz\" width=\"150\" height=\"150\" \/><\/a><\/p>\n<p style=\"text-align: center;\"><a href=\"http:\/\/www.galianoart.com\/wp-content\/uploads\/2014\/03\/indurain.jpg\"><img loading=\"lazy\" decoding=\"async\" class=\"alignnone wp-image-538 size-thumbnail\" src=\"http:\/\/www.galianoart.com\/wp-content\/uploads\/2014\/03\/indurain-150x150.jpg\" alt=\"indurain\" width=\"150\" height=\"150\" \/><\/a><\/p>\n<p style=\"text-align: center;\"><a href=\"http:\/\/www.galianoart.com\/wp-content\/uploads\/2014\/03\/catolicos.jpg\"><img loading=\"lazy\" decoding=\"async\" class=\"alignnone wp-image-519 size-thumbnail\" src=\"http:\/\/www.galianoart.com\/wp-content\/uploads\/2014\/03\/catolicos-150x150.jpg\" alt=\"catolicos\" width=\"150\" height=\"150\" \/><\/a><\/p>\n<p style=\"text-align: center;\"><a href=\"http:\/\/www.galianoart.com\/wp-content\/uploads\/2014\/03\/rsahagun.jpg\"><img loading=\"lazy\" decoding=\"async\" class=\"alignnone wp-image-562 size-thumbnail\" src=\"http:\/\/www.galianoart.com\/wp-content\/uploads\/2014\/03\/rsahagun-150x150.jpg\" alt=\"rsahagun\" width=\"150\" height=\"150\" \/><\/a><\/p>\n<p style=\"text-align: center;\"><a href=\"http:\/\/www.galianoart.com\/wp-content\/uploads\/2014\/03\/bushsadam.jpg\"><img loading=\"lazy\" decoding=\"async\" class=\"alignnone wp-image-515 size-thumbnail\" src=\"http:\/\/www.galianoart.com\/wp-content\/uploads\/2014\/03\/bushsadam-150x150.jpg\" alt=\"bushsadam\" width=\"150\" height=\"150\" \/><\/a><\/p>\n<p style=\"text-align: center;\"><a href=\"http:\/\/www.galianoart.com\/wp-content\/uploads\/2014\/03\/VentanaFEB07.jpg\"><img loading=\"lazy\" decoding=\"async\" class=\"alignnone wp-image-582 size-thumbnail\" src=\"http:\/\/www.galianoart.com\/wp-content\/uploads\/2014\/03\/VentanaFEB07-150x150.jpg\" alt=\"VentanaFEB07\" width=\"150\" height=\"150\" \/><\/a><\/p>\n<p style=\"text-align: center;\"><a href=\"http:\/\/www.galianoart.com\/wp-content\/uploads\/2014\/03\/VentanJULIO06.jpg\"><img loading=\"lazy\" decoding=\"async\" class=\"alignnone wp-image-586 size-thumbnail\" src=\"http:\/\/www.galianoart.com\/wp-content\/uploads\/2014\/03\/VentanJULIO06-150x150.jpg\" alt=\"VentanJULIO06\" width=\"150\" height=\"150\" \/><\/a><\/p>\n<p style=\"text-align: center;\"><a href=\"http:\/\/www.galianoart.com\/wp-content\/uploads\/2014\/03\/VENTANAFEBRERO051.jpg\"><img loading=\"lazy\" decoding=\"async\" class=\"alignnone wp-image-633 size-thumbnail\" src=\"http:\/\/www.galianoart.com\/wp-content\/uploads\/2014\/03\/VENTANAFEBRERO051-150x150.jpg\" alt=\"VENTANAFEBRERO05\" width=\"150\" height=\"150\" \/><\/a><\/p>\n<p style=\"text-align: center;\"><a href=\"http:\/\/www.galianoart.com\/wp-content\/uploads\/2014\/03\/ventanaabril05.jpg\"><img loading=\"lazy\" decoding=\"async\" class=\"alignnone wp-image-581 size-thumbnail\" src=\"http:\/\/www.galianoart.com\/wp-content\/uploads\/2014\/03\/ventanaabril05-150x150.jpg\" alt=\"ventanaabril05\" width=\"150\" height=\"150\" \/><\/a><\/p>\n<p style=\"text-align: center;\"><a href=\"http:\/\/www.galianoart.com\/wp-content\/uploads\/2014\/03\/ComplicesW.jpg\"><img loading=\"lazy\" decoding=\"async\" class=\"alignnone wp-image-1089 size-thumbnail\" src=\"http:\/\/www.galianoart.com\/wp-content\/uploads\/2014\/03\/ComplicesW-150x150.jpg\" alt=\"ComplicesW\" width=\"150\" height=\"150\" \/><\/a><\/p>\n<p style=\"text-align: center;\"><a href=\"http:\/\/www.galianoart.com\/wp-content\/uploads\/2014\/03\/Antiguo-Tabernillas.jpg\"><img loading=\"lazy\" decoding=\"async\" class=\"alignnone wp-image-614 size-thumbnail\" src=\"http:\/\/www.galianoart.com\/wp-content\/uploads\/2014\/03\/Antiguo-Tabernillas-150x150.jpg\" alt=\"Antiguo Tabernillas\" width=\"150\" height=\"150\" \/><\/a><\/p>\n<p style=\"text-align: center;\"><a href=\"http:\/\/www.galianoart.com\/wp-content\/uploads\/2014\/03\/Sal-y-Pimienta-Web.jpg\"><img loading=\"lazy\" decoding=\"async\" class=\"alignnone wp-image-1090 size-thumbnail\" src=\"http:\/\/www.galianoart.com\/wp-content\/uploads\/2014\/03\/Sal-y-Pimienta-Web-150x150.jpg\" alt=\"Sal y Pimienta Web\" width=\"150\" height=\"150\" \/><\/a><\/p>\n<p style=\"text-align: center;\"><a href=\"http:\/\/www.galianoart.com\/wp-content\/uploads\/2014\/03\/Cartelpepinillos.jpg\"><img loading=\"lazy\" decoding=\"async\" class=\"alignnone wp-image-1092 size-medium\" src=\"http:\/\/www.galianoart.com\/wp-content\/uploads\/2014\/03\/Cartelpepinillos-300x129.jpg\" alt=\"Cartelpepinillos\" width=\"300\" height=\"129\" srcset=\"https:\/\/www.galianoart.com\/wp-content\/uploads\/2014\/03\/Cartelpepinillos-300x129.jpg 300w, https:\/\/www.galianoart.com\/wp-content\/uploads\/2014\/03\/Cartelpepinillos-1024x442.jpg 1024w, https:\/\/www.galianoart.com\/wp-content\/uploads\/2014\/03\/Cartelpepinillos-250x108.jpg 250w, https:\/\/www.galianoart.com\/wp-content\/uploads\/2014\/03\/Cartelpepinillos-150x64.jpg 150w\" sizes=\"auto, (max-width: 300px) 100vw, 300px\" \/><\/a><\/p>\n","protected":false},"excerpt":{"rendered":"<p>Si en la actualidad el \u00f3leo absorbe la mayor parte de su creaci\u00f3n art\u00edstica, fueron las caricaturas y los dibujos los que fraguaron su proyecci\u00f3n creativa.\u00a0 En los a\u00f1os 80 comienza sus primeras colaboraciones en distintas publicaciones; As, Auto 1 o la revista sat\u00edrica Sal y Pimienta, en su segunda \u2026<\/p>\n<p class=\"continue-reading-button\"> <a class=\"continue-reading-link\" href=\"https:\/\/www.galianoart.com\/?page_id=610\">Continuar leyendo<i class=\"crycon-right-dir\"><\/i><\/a><\/p>\n","protected":false},"author":1,"featured_media":0,"parent":0,"menu_order":0,"comment_status":"closed","ping_status":"closed","template":"templates\/template-onecolumn.php","meta":{"footnotes":""},"class_list":["post-610","page","type-page","status-publish","hentry"],"_links":{"self":[{"href":"https:\/\/www.galianoart.com\/index.php?rest_route=\/wp\/v2\/pages\/610","targetHints":{"allow":["GET"]}}],"collection":[{"href":"https:\/\/www.galianoart.com\/index.php?rest_route=\/wp\/v2\/pages"}],"about":[{"href":"https:\/\/www.galianoart.com\/index.php?rest_route=\/wp\/v2\/types\/page"}],"author":[{"embeddable":true,"href":"https:\/\/www.galianoart.com\/index.php?rest_route=\/wp\/v2\/users\/1"}],"replies":[{"embeddable":true,"href":"https:\/\/www.galianoart.com\/index.php?rest_route=%2Fwp%2Fv2%2Fcomments&post=610"}],"version-history":[{"count":23,"href":"https:\/\/www.galianoart.com\/index.php?rest_route=\/wp\/v2\/pages\/610\/revisions"}],"predecessor-version":[{"id":1302,"href":"https:\/\/www.galianoart.com\/index.php?rest_route=\/wp\/v2\/pages\/610\/revisions\/1302"}],"wp:attachment":[{"href":"https:\/\/www.galianoart.com\/index.php?rest_route=%2Fwp%2Fv2%2Fmedia&parent=610"}],"curies":[{"name":"wp","href":"https:\/\/api.w.org\/{rel}","templated":true}]}}